-21) + 5/(-3). Let r(k) = g*s(k) - a(k). What is the remainder when r(-8) is divided by 17?
16
Let k be -3*(-15)/9 - 2. Suppose 4*u - k*l - 8 = 0, -2*u = -2*l - 6 + 2. Suppose u*y - 80 = -3*y. What is the remainder when y is divided by 9?
7
Suppose q - 4 = -r - 2*q, -3*q - 17 = -2*r. What is the remainder when 27 is divided by r?
6
Let j(v) = v**3 + 6*v**2 - 3*v - 7. Let f be j(-5). Suppose m - f = -2*m. Let s = -20 + 24. Calculate the remainder when m is divided by s.
3
Let o = -1 - 1. Let v be (-2 - o) + 1 + 267. Calculate the remainder when (-6)/(-27) - v/(-9) is divided by 16.
14
Suppose 4*g = 14 + 14. Let v be 4/(-18) - (-1383)/27. Suppose -2*a + v = 13. Calculate the remainder when a is divided by g.
5
Let i = -86 + 122. Calculate the remainder when i is divided by 396/20 - (-16)/(-20).
17
Suppose -15*n = -10*n - 310. Calculate the remainder when n is divided by 13.
10
Let n = 16 - 23. Let r = -47 + 26. Let o = n - r. What is the remainder when 26 is divided by o?
12
Suppose t - 6 = 4*l, 5*t + l - 30 = -2*l. Suppose 32 = 5*h - h. Calculate the remainder when t is divided by 2/h + 15/4.
2
Let i(d) be the third derivative of -d**5/60 + d**4/3 - 5*d**3/6 + d**2. Let c be i(7). What is the remainder when (-4)/(-5)*55/c is divided by 8?
6
Let h = -126 - -245. What is the remainder when h is divided by 30?
29
Suppose 3*c + 2*c + 2*j = 189, -45 = -c - 4*j. Suppose 0 = 3*b - 2*b - 36. Let v = b - 23. What is the remainder when c is divided by v?
11
Suppose -p + 25 = -6*p, 4*s = -2*p + 18. Let n(w) = w + 6. What is the remainder when 50 is divided by n(s)?
11
Let d(o) = -o**3 - o**2 + 12. What is the remainder when d(0) is divided by 5*(-2)/6*-3?
2
Let t be (1 - -1) + 1 + -6. Let w(m) = 2*m**2 + 2*m + 1. Let y(x) = -8*x - 15. What is the remainder when y(-5) is divided by w(t)?
12
Suppose -3*a = 66 - 243. What is the remainder when a is divided by 15?
14
Suppose 0*h - 4*h + 40 = 0. Calculate the remainder when 19 is divided by h.
9
Let s(y) = 3*y**3 - 11*y**2 + 9*y. Let b(c) = 7*c**3 - 23*c**2 + 19*c + 1. Let w(x) = 2*b(x) - 5*s(x). What is the remainder when 28 is divided by w(8)?
8
Let d(l) = -l**2 + 2*l + 2. Let f be d(-2). Calculate the remainder when 20 is divided by (2/f)/((-5)/165).
9
Suppose -3*j + 8 - 2 = 0. Suppose -5*w - 12 = -j*o - w, 4*w = 3*o - 10. Let s(t) = t**3 + 3*t**2 - 2*t. What is the remainder when 14 is divided by s(o)?
6
Let c(s) = -3 + 1 + 10*s - 34*s. What is the remainder when c(-1) is divided by 6?
4
Let n = 141 + -99. What is the remainder when 125 is divided by n?
41
Suppose -z = -0*z. Let x = 8 - z. What is the remainder when 13 is divided by x?
5
Let y(z) = z**3 - 4*z**2 + 1. Let b be y(3). Let v = b + 25. Calculate the remainder when 32 is divided by v.
15
Suppose -2*r - 149 = -3*f, -r + 275 = 5*f + r. Let b(a) = -8 + 1 + 1 + 3*a. What is the remainder when f is divided by b(8)?
17
Let s(b) = -b**2 + 7. Calculate the remainder when 13 is divided by s(0).
6
Let z(v) = -v. Let p(k) = -k**2 + 8*k - 8. Let j(i) = -p(i) - 4*z(i). Calculate the remainder when j(7) is divided by 15.
14
Let w be (1 - 2)/((-3)/69). Let x = w - -19. Let o = 28 + -17. Calculate the remainder when x is divided by o.
9
Suppose -49 = -i - 5*j - 8, 2*i = 2*j + 58. Calculate the remainder when 91 is divided by i.
29
What is the remainder when -4*(-2)/4 - -25 is divided by 10?
7
Calculate the remainder when ((-154)/35)/((4/(-5))/2) is divided by 8.
3
What is the remainder when 69 is divided by 4/(-2) - (0 + -26)?
21
Let y = -61 - -103. Suppose -8*s + 6*s + y = 0. What is the remainder when s is divided by 11?
10
Suppose 2*g - 15 + 5 = 0. What is the remainder when 14 is divided by g?
4
Suppose 5*y = a - 11, y + 4 = 3. Calculate the remainder when a/36 + 1203/18 is divided by 34.
33
Suppose -4*g + 100 = g. Suppose 4*i = g + 32. Let o = -91 + 142. Calculate the remainder when o is divided by i.
12
Suppose 0*y - 250 = -5*y. Suppose d + 3*x - 16 = x, 0 = -2*d + 5*x + y. Calculate the remainder when 79 is divided by d.
19
Let n(z) be the second derivative of 11*z**4/6 + z**3/3 + z**2/2 - 3*z. Calculate the remainder when n(-1) is divided by (2/(-1))/(4/(-22)).
10
Let l be -2 - (1 + -4) - 1. Suppose 5*p - 69 - 26 = l. What is the remainder when 37 is divided by p?
18
Suppose 0 = o - 0*t + 4*t - 24, o - 2*t = 30. Calculate the remainder when o is divided by 10.
8
Let b = 58 + -34. What is the remainder when b is divided by 9?
6
Suppose 0*a - a + 21 = -3*g, -g = -5. What is the remainder when a is divided by 10?
6
Calculate the remainder when (-39)/((-1)/5 - (-30)/(-225)) is divided by 8.
5
Suppose -112 = -2*c + 32. What is the remainder when c is divided by 25?
22
Suppose 0*i + 5*z - 7 = -2*i, -3*z + 2 = i. Calculate the remainder when 35 + -2 + 4/(-2) is divided by i.
9
Let u = -31 - -30. Let r(n) = -1 - 3*n + 3*n + 28*n**2. Calculate the remainder when r(u) is divided by 14.
13
Suppose c = 5*c - 100. Calculate the remainder when 48 is divided by c.
23
Let p(t) = 14*t**2 + 8*t + 9. Let h(r) = 5*r**2 + 3*r + 3. Let u(w) = -11*h(w) + 4*p(w). Calculate the remainder when u(6) is divided by 17.
16
Let v be 460/(-36) - 4/18. Calculate the remainder when 6 - -1 - 0/(-1) is divided by (-4)/16 - v/4.
1
Let i(f) = 2*f + 1. Let j = -1 - -8. Calculate the remainder when i(6) is divided by j.
6
Suppose 0*y = -2*y + 32. Let u = y + -2. What is the remainder when 54 is divided by u?
12
Suppose -2*c = -18*c + 112. Calculate the remainder when 9 is divided by c.
2
Let j(f) = 14*f - 34. Calculate the remainder when j(7) is divided by 18.
10
Let m(h) = -h + 27. What is the remainder when m(8) is divided by 6?
1
Suppose l + 4*g - 13 = 5*g, 0 = -3*g + 6. What is the remainder when 43 is divided by l?
13
What is the remainder when (-300)/24*8/(-10) is divided by 7?
3
Let v be 3*((-21)/9 + 3). Suppose -v*f - 2*f + 56 = 0. Calculate the remainder when 54 is divided by f.
12
Let y(d) = d**2 - 2*d + 1. Let l(v) = 4*v**2 - v - 1. Let n be l(-1). Let w be y(n). What is the remainder when (-4)/(-6) - (-93)/w is divided by 6?
5
Let n be (-6)/(27/(-6) - -3). What is the remainder when (-1 - -2)/(n/68) is divided by 6?
5
Let w = 45 - 23. Calculate the remainder when w is divided by 5.
2
Let k = -116 - -160. Calculate the remainder when k is divided by 16.
12
Let d = -52 + 181. Calculate the remainder when d is divided by 33.
30
Let q(u) = -u**3 - 12*u**2 - 14*u + 17. Suppose -v + 85 = 4*v. Calculate the remainder when q(-11) is divided by v.
16
Suppose 5*j + 50 = 7*j. What is the remainder when j is divided by 6?
1
Let m(a) = -a**2 + 9*a + 25. Calculate the remainder when 15 is divided by m(11).
0
Let u(t) be the first derivative of t**4/4 + 2*t**3 - 9*t**2/2 - 5*t - 3. Let n = 8 + 9. Calculate the remainder when u(-6) is divided by n.
15
Suppose 0 = -6*b - 2*b + 104. Calculate the remainder when 24 is divided by b.
11
Suppose 59 = 4*u - 9. What is the remainder when u is divided by 12?
5
Suppose -306 - 519 = -11*j. What is the remainder when j is divided by 16?
11
Let n be (-2)/(-8) + 249/12. Let x = -11 + n. Let b(o) = o**3 + 7*o**2 + o - 16. Calculate the remainder when b(-4) is divided by x.
8
Let q = -50 + 64. Calculate the remainder when 40 is divided by q.
12
Suppose 6*l + 80 = 11*l. Calculate the remainder when 31 is divided by l.
15
Let m(r) = 16*r + 124. Calculate the remainder when 34 is divided by m(-7).
10
Let m(f) = 2*f - 17. Calculate the remainder when 8 is divided by m(11).
3
Suppose 10*t - 5*t = 20. What is the remainder when 15 is divided by t?
3
What is the remainder when 40 is divided by (56/12)/(3/9)?
12
What is the remainder when 66 is divided by 28/6*(-12)/(-4)?
10
Suppose 3*q - 3 + 0 = 0. Suppose k = -k. Suppose -2*o = -k - 2. What is the remainder when q is divided by o?
0
Let y = 410 + -236. Calculate the remainder when y is divided by 35.
34
Let i(v) = -6*v - 7*v - 12 + v**3 - 9*v**2 + 5*v. Calculate the remainder when i(10) is divided by 5.
3
Suppose i - 4*i - 42 = -3*d, 0 = -4*d - 5*i + 92. Calculate the remainder when d is divided by 8.
2
Let n(r) be the third derivative of -r**6/30 - r**5/30 - r**3/3 + 7*r**2. Calculate the remainder when n(-2) is divided by 12.
10
Let f = -14 - -5. What is the remainder when 68/(-3)*f/6 is divided by 12?
10
Calcu